{"id":358,"date":"2024-02-29T17:27:35","date_gmt":"2024-02-29T16:27:35","guid":{"rendered":"https:\/\/monterraindeje.fr\/?page_id=358"},"modified":"2024-04-06T11:14:19","modified_gmt":"2024-04-06T09:14:19","slug":"expression-corporelle","status":"publish","type":"page","link":"https:\/\/monterraindeje.fr\/index.php\/expression-corporelle\/","title":{"rendered":"Expression corporelle"},"content":{"rendered":"\t\t<div data-elementor-type=\"wp-page\" data-elementor-id=\"358\" class=\"elementor elementor-358\" data-elementor-post-type=\"page\">\n\t\t\t\t<div class=\"elementor-element elementor-element-75d36aa e-flex e-con-boxed e-con e-parent\" data-id=\"75d36aa\" data-element_type=\"container\" data-settings=\"{&quot;background_background&quot;:&quot;classic&quot;,&quot;content_width&quot;:&quot;boxed&quot;}\" data-core-v316-plus=\"true\">\n\t\t\t\t\t<div class=\"e-con-inner\">\n\t\t\t\t<div class=\"elementor-element elementor-element-c931ade elementor-widget__width-initial elementor-widget elementor-widget-image\" data-id=\"c931ade\" data-element_type=\"widget\" data-widget_type=\"image.default\">\n\t\t\t\t<div class=\"elementor-widget-container\">\n\t\t\t<style>\/*! elementor - v3.19.0 - 28-02-2024 *\/\n.elementor-widget-image{text-align:center}.elementor-widget-image a{display:inline-block}.elementor-widget-image a img[src$=\".svg\"]{width:48px}.elementor-widget-image img{vertical-align:middle;display:inline-block}<\/style>\t\t\t\t\t\t\t\t\t\t<img fetchpriority=\"high\" decoding=\"async\" width=\"352\" height=\"518\" src=\"https:\/\/monterraindeje.fr\/wp-content\/uploads\/2024\/03\/expression-corporelle-picto.png\" class=\"attachment-large size-large wp-image-472\" alt=\"\" srcset=\"https:\/\/monterraindeje.fr\/wp-content\/uploads\/2024\/03\/expression-corporelle-picto.png 352w, https:\/\/monterraindeje.fr\/wp-content\/uploads\/2024\/03\/expression-corporelle-picto-204x300.png 204w\" sizes=\"(max-width: 352px) 100vw, 352px\" \/>\t\t\t\t\t\t\t\t\t\t\t\t\t<\/div>\n\t\t\t\t<\/div>\n\t\t\t\t<div class=\"elementor-element elementor-element-b29852c elementor-widget__width-initial elementor-widget elementor-widget-image\" data-id=\"b29852c\" data-element_type=\"widget\" data-widget_type=\"image.default\">\n\t\t\t\t<div class=\"elementor-widget-container\">\n\t\t\t\t\t\t\t\t\t\t\t\t\t<img decoding=\"async\" width=\"1024\" height=\"58\" src=\"https:\/\/monterraindeje.fr\/wp-content\/uploads\/2024\/03\/expression-corporelle-titre-bandeau-1024x58.png\" class=\"attachment-large size-large wp-image-468\" alt=\"\" srcset=\"https:\/\/monterraindeje.fr\/wp-content\/uploads\/2024\/03\/expression-corporelle-titre-bandeau-1024x58.png 1024w, https:\/\/monterraindeje.fr\/wp-content\/uploads\/2024\/03\/expression-corporelle-titre-bandeau-300x17.png 300w, https:\/\/monterraindeje.fr\/wp-content\/uploads\/2024\/03\/expression-corporelle-titre-bandeau-768x44.png 768w, https:\/\/monterraindeje.fr\/wp-content\/uploads\/2024\/03\/expression-corporelle-titre-bandeau-1536x87.png 1536w, https:\/\/monterraindeje.fr\/wp-content\/uploads\/2024\/03\/expression-corporelle-titre-bandeau.png 1810w\" sizes=\"(max-width: 1024px) 100vw, 1024px\" \/>\t\t\t\t\t\t\t\t\t\t\t\t\t<\/div>\n\t\t\t\t<\/div>\n\t\t\t\t\t<\/div>\n\t\t\t\t<\/div>\n\t\t<div class=\"elementor-element elementor-element-43ce544 e-flex e-con-boxed e-con e-parent\" data-id=\"43ce544\" data-element_type=\"container\" data-settings=\"{&quot;content_width&quot;:&quot;boxed&quot;}\" data-core-v316-plus=\"true\">\n\t\t\t\t\t<div class=\"e-con-inner\">\n\t\t<div class=\"elementor-element elementor-element-cfeab9c e-con-full e-flex e-con e-child\" data-id=\"cfeab9c\" data-element_type=\"container\" data-settings=\"{&quot;content_width&quot;:&quot;full&quot;}\">\n\t\t\t\t<div class=\"elementor-element elementor-element-7548ab8 elementor-widget elementor-widget-heading\" data-id=\"7548ab8\" data-element_type=\"widget\" data-widget_type=\"heading.default\">\n\t\t\t\t<div class=\"elementor-widget-container\">\n\t\t\t<style>\/*! elementor - v3.19.0 - 28-02-2024 *\/\n.elementor-heading-title{padding:0;margin:0;line-height:1}.elementor-widget-heading .elementor-heading-title[class*=elementor-size-]>a{color:inherit;font-size:inherit;line-height:inherit}.elementor-widget-heading .elementor-heading-title.elementor-size-small{font-size:15px}.elementor-widget-heading .elementor-heading-title.elementor-size-medium{font-size:19px}.elementor-widget-heading .elementor-heading-title.elementor-size-large{font-size:29px}.elementor-widget-heading .elementor-heading-title.elementor-size-xl{font-size:39px}.elementor-widget-heading .elementor-heading-title.elementor-size-xxl{font-size:59px}<\/style><h2 class=\"elementor-heading-title elementor-size-default\">prendre un moment pour souffler...<\/h2>\t\t<\/div>\n\t\t\t\t<\/div>\n\t\t\t\t<div class=\"elementor-element elementor-element-f2c297e elementor-widget elementor-widget-text-editor\" data-id=\"f2c297e\" data-element_type=\"widget\" data-widget_type=\"text-editor.default\">\n\t\t\t\t<div class=\"elementor-widget-container\">\n\t\t\t<style>\/*! elementor - v3.19.0 - 28-02-2024 *\/\n.elementor-widget-text-editor.elementor-drop-cap-view-stacked .elementor-drop-cap{background-color:#69727d;color:#fff}.elementor-widget-text-editor.elementor-drop-cap-view-framed .elementor-drop-cap{color:#69727d;border:3px solid;background-color:transparent}.elementor-widget-text-editor:not(.elementor-drop-cap-view-default) .elementor-drop-cap{margin-top:8px}.elementor-widget-text-editor:not(.elementor-drop-cap-view-default) .elementor-drop-cap-letter{width:1em;height:1em}.elementor-widget-text-editor .elementor-drop-cap{float:left;text-align:center;line-height:1;font-size:50px}.elementor-widget-text-editor .elementor-drop-cap-letter{display:inline-block}<\/style>\t\t\t\t<p><img decoding=\"async\" class=\"wp-image-584 alignleft\" src=\"https:\/\/monterraindeje.fr\/wp-content\/uploads\/2024\/02\/cropped-logo-JE-bleu-300x300.png\" alt=\"\" width=\"20\" height=\"20\" srcset=\"https:\/\/monterraindeje.fr\/wp-content\/uploads\/2024\/02\/cropped-logo-JE-bleu-300x300.png 300w, https:\/\/monterraindeje.fr\/wp-content\/uploads\/2024\/02\/cropped-logo-JE-bleu-150x150.png 150w, https:\/\/monterraindeje.fr\/wp-content\/uploads\/2024\/02\/cropped-logo-JE-bleu-270x270.png 270w, https:\/\/monterraindeje.fr\/wp-content\/uploads\/2024\/02\/cropped-logo-JE-bleu-192x192.png 192w, https:\/\/monterraindeje.fr\/wp-content\/uploads\/2024\/02\/cropped-logo-JE-bleu-180x180.png 180w, https:\/\/monterraindeje.fr\/wp-content\/uploads\/2024\/02\/cropped-logo-JE-bleu-32x32.png 32w, https:\/\/monterraindeje.fr\/wp-content\/uploads\/2024\/02\/cropped-logo-JE-bleu.png 512w\" sizes=\"(max-width: 20px) 100vw, 20px\" \/>Il s\u2019agit de se mettre en mouvement en consid\u00e9rant que le corps physique est une <span style=\"color: #d80087;\">expression du corps psychique<\/span>. Il n\u2019y a donc aucune comp\u00e9tence technique \u00e0 avoir puisqu\u2019il s\u2019agit de se mouvoir comme la personne le ressent et le d\u00e9sir. Elle s\u2019adapte \u00e0 la condition physique de chacun.<br \/>\u00a0\u00a0\u00a0 \u00c0 travers le mouvement cr\u00e9atif l\u2019erreur n\u2019est pas possible. Il n\u2019y a pas de bonne ou de mauvaise fa\u00e7on de faire ; il n\u2019y a qu\u2019une d\u00e9couverte \u00e0 travers l\u2019exp\u00e9rience.<\/p><p><img decoding=\"async\" class=\"wp-image-584 alignleft\" src=\"https:\/\/monterraindeje.fr\/wp-content\/uploads\/2024\/02\/cropped-logo-JE-bleu-300x300.png\" alt=\"\" width=\"20\" height=\"20\" srcset=\"https:\/\/monterraindeje.fr\/wp-content\/uploads\/2024\/02\/cropped-logo-JE-bleu-300x300.png 300w, https:\/\/monterraindeje.fr\/wp-content\/uploads\/2024\/02\/cropped-logo-JE-bleu-150x150.png 150w, https:\/\/monterraindeje.fr\/wp-content\/uploads\/2024\/02\/cropped-logo-JE-bleu-270x270.png 270w, https:\/\/monterraindeje.fr\/wp-content\/uploads\/2024\/02\/cropped-logo-JE-bleu-192x192.png 192w, https:\/\/monterraindeje.fr\/wp-content\/uploads\/2024\/02\/cropped-logo-JE-bleu-180x180.png 180w, https:\/\/monterraindeje.fr\/wp-content\/uploads\/2024\/02\/cropped-logo-JE-bleu-32x32.png 32w, https:\/\/monterraindeje.fr\/wp-content\/uploads\/2024\/02\/cropped-logo-JE-bleu.png 512w\" sizes=\"(max-width: 20px) 100vw, 20px\" \/><span style=\"color: #d80087;\">Le souffle<\/span> est la forme la plus primaire du dynamisme vital : il s\u2019inscrit dans le rythme du sentir car il est la vie de tout le mouvement.<\/p><p><img decoding=\"async\" class=\"wp-image-584 alignleft\" src=\"https:\/\/monterraindeje.fr\/wp-content\/uploads\/2024\/02\/cropped-logo-JE-bleu-300x300.png\" alt=\"\" width=\"20\" height=\"20\" srcset=\"https:\/\/monterraindeje.fr\/wp-content\/uploads\/2024\/02\/cropped-logo-JE-bleu-300x300.png 300w, https:\/\/monterraindeje.fr\/wp-content\/uploads\/2024\/02\/cropped-logo-JE-bleu-150x150.png 150w, https:\/\/monterraindeje.fr\/wp-content\/uploads\/2024\/02\/cropped-logo-JE-bleu-270x270.png 270w, https:\/\/monterraindeje.fr\/wp-content\/uploads\/2024\/02\/cropped-logo-JE-bleu-192x192.png 192w, https:\/\/monterraindeje.fr\/wp-content\/uploads\/2024\/02\/cropped-logo-JE-bleu-180x180.png 180w, https:\/\/monterraindeje.fr\/wp-content\/uploads\/2024\/02\/cropped-logo-JE-bleu-32x32.png 32w, https:\/\/monterraindeje.fr\/wp-content\/uploads\/2024\/02\/cropped-logo-JE-bleu.png 512w\" sizes=\"(max-width: 20px) 100vw, 20px\" \/>Elle vise \u00e0 l\u2019int\u00e9gration \u00e9motionnelle, cognitive, physique de la personne. Les<br \/>mouvements du corps sont le reflet d\u2019\u00e9motions et de besoins cherchant \u00e0 s\u2019exprimer et \u00e0 \u00eatre satisfaits dans l\u2019instant pr\u00e9sent. Remettre le corps en mouvement favorise le r\u00e9veil de sensation, de sentiments refoul\u00e9s.<\/p><p><img decoding=\"async\" class=\"wp-image-584 alignleft\" src=\"https:\/\/monterraindeje.fr\/wp-content\/uploads\/2024\/02\/cropped-logo-JE-bleu-300x300.png\" alt=\"\" width=\"20\" height=\"20\" srcset=\"https:\/\/monterraindeje.fr\/wp-content\/uploads\/2024\/02\/cropped-logo-JE-bleu-300x300.png 300w, https:\/\/monterraindeje.fr\/wp-content\/uploads\/2024\/02\/cropped-logo-JE-bleu-150x150.png 150w, https:\/\/monterraindeje.fr\/wp-content\/uploads\/2024\/02\/cropped-logo-JE-bleu-270x270.png 270w, https:\/\/monterraindeje.fr\/wp-content\/uploads\/2024\/02\/cropped-logo-JE-bleu-192x192.png 192w, https:\/\/monterraindeje.fr\/wp-content\/uploads\/2024\/02\/cropped-logo-JE-bleu-180x180.png 180w, https:\/\/monterraindeje.fr\/wp-content\/uploads\/2024\/02\/cropped-logo-JE-bleu-32x32.png 32w, https:\/\/monterraindeje.fr\/wp-content\/uploads\/2024\/02\/cropped-logo-JE-bleu.png 512w\" sizes=\"(max-width: 20px) 100vw, 20px\" \/>Le corps est le r\u00e9ceptacle des conflits intra-psychiques. Le corps dit le mal (\u201cmal-a-die\u201d) qui ne peut se dire autrement.<\/p><p><img decoding=\"async\" class=\"wp-image-584 alignleft\" src=\"https:\/\/monterraindeje.fr\/wp-content\/uploads\/2024\/02\/cropped-logo-JE-bleu-300x300.png\" alt=\"\" width=\"20\" height=\"20\" srcset=\"https:\/\/monterraindeje.fr\/wp-content\/uploads\/2024\/02\/cropped-logo-JE-bleu-300x300.png 300w, https:\/\/monterraindeje.fr\/wp-content\/uploads\/2024\/02\/cropped-logo-JE-bleu-150x150.png 150w, https:\/\/monterraindeje.fr\/wp-content\/uploads\/2024\/02\/cropped-logo-JE-bleu-270x270.png 270w, https:\/\/monterraindeje.fr\/wp-content\/uploads\/2024\/02\/cropped-logo-JE-bleu-192x192.png 192w, https:\/\/monterraindeje.fr\/wp-content\/uploads\/2024\/02\/cropped-logo-JE-bleu-180x180.png 180w, https:\/\/monterraindeje.fr\/wp-content\/uploads\/2024\/02\/cropped-logo-JE-bleu-32x32.png 32w, https:\/\/monterraindeje.fr\/wp-content\/uploads\/2024\/02\/cropped-logo-JE-bleu.png 512w\" sizes=\"(max-width: 20px) 100vw, 20px\" \/>Elle offre la possibilit\u00e9 de s\u2019\u00e9prouver dans un nouveau rapport au temps, \u00e0 l\u2019espace,<br \/>aux autres et \u00e0 soi-m\u00eame. Le mouvement corporel est une structuration du geste par le rythme.<br \/>Elle offre une possibilit\u00e9 de ma\u00eetrise des pulsions. Elle permet ainsi l\u2019expression des affects agressifs d\u2019une \u00e9nergie motrice destructrice. Elle permet donc une r\u00e9organisation symbolique.<\/p>\t\t\t\t\t\t<\/div>\n\t\t\t\t<\/div>\n\t\t\t\t<div class=\"elementor-element elementor-element-a862e31 elementor-widget elementor-widget-heading\" data-id=\"a862e31\" data-element_type=\"widget\" data-widget_type=\"heading.default\">\n\t\t\t\t<div class=\"elementor-widget-container\">\n\t\t\t<h2 class=\"elementor-heading-title elementor-size-default\">... et reprendre son souffle<\/h2>\t\t<\/div>\n\t\t\t\t<\/div>\n\t\t\t\t<\/div>\n\t\t<div class=\"elementor-element elementor-element-8dae820 e-con-full e-flex e-con e-child\" data-id=\"8dae820\" data-element_type=\"container\" data-settings=\"{&quot;content_width&quot;:&quot;full&quot;}\">\n\t\t\t\t<div class=\"elementor-element elementor-element-4808c0a elementor-widget elementor-widget-image\" data-id=\"4808c0a\" data-element_type=\"widget\" data-widget_type=\"image.default\">\n\t\t\t\t<div class=\"elementor-widget-container\">\n\t\t\t\t\t\t\t\t\t\t\t\t\t<img loading=\"lazy\" decoding=\"async\" width=\"486\" height=\"665\" src=\"https:\/\/monterraindeje.fr\/wp-content\/uploads\/2024\/03\/expressioncorporelle-1.jpg\" class=\"attachment-large size-large wp-image-603\" alt=\"\" srcset=\"https:\/\/monterraindeje.fr\/wp-content\/uploads\/2024\/03\/expressioncorporelle-1.jpg 486w, https:\/\/monterraindeje.fr\/wp-content\/uploads\/2024\/03\/expressioncorporelle-1-219x300.jpg 219w\" sizes=\"(max-width: 486px) 100vw, 486px\" \/>\t\t\t\t\t\t\t\t\t\t\t\t\t<\/div>\n\t\t\t\t<\/div>\n\t\t\t\t<\/div>\n\t\t\t\t\t<\/div>\n\t\t\t\t<\/div>\n\t\t<div class=\"elementor-element elementor-element-346d4f7 e-flex e-con-boxed e-con e-parent\" data-id=\"346d4f7\" data-element_type=\"container\" data-settings=\"{&quot;content_width&quot;:&quot;boxed&quot;}\" data-core-v316-plus=\"true\">\n\t\t\t\t\t<div class=\"e-con-inner\">\n\t\t\t\t\t<\/div>\n\t\t\t\t<\/div>\n\t\t\t\t<\/div>\n\t\t","protected":false},"excerpt":{"rendered":"<p>prendre un moment pour souffler&#8230; Il s\u2019agit de se mettre en mouvement en consid\u00e9rant que le corps physique est une expression du corps psychique. Il n\u2019y a donc aucune comp\u00e9tence technique \u00e0 avoir puisqu\u2019il s\u2019agit de se mouvoir comme la personne le ressent et le d\u00e9sir. Elle s\u2019adapte \u00e0 la condition physique de chacun.\u00a0\u00a0\u00a0 \u00c0 [&hellip;]<\/p>\n","protected":false},"author":2,"featured_media":0,"parent":0,"menu_order":0,"comment_status":"closed","ping_status":"closed","template":"elementor_header_footer","meta":{"ocean_post_layout":"","ocean_both_sidebars_style":"","ocean_both_sidebars_content_width":0,"ocean_both_sidebars_sidebars_width":0,"ocean_sidebar":"","ocean_second_sidebar":"","ocean_disable_margins":"enable","ocean_add_body_class":"","ocean_shortcode_before_top_bar":"","ocean_shortcode_after_top_bar":"","ocean_shortcode_before_header":"","ocean_shortcode_after_header":"","ocean_has_shortcode":"","ocean_shortcode_after_title":"","ocean_shortcode_before_footer_widgets":"","ocean_shortcode_after_footer_widgets":"","ocean_shortcode_before_footer_bottom":"","ocean_shortcode_after_footer_bottom":"","ocean_display_top_bar":"default","ocean_display_header":"default","ocean_header_style":"","ocean_center_header_left_menu":"","ocean_custom_header_template":"","ocean_custom_logo":0,"ocean_custom_retina_logo":0,"ocean_custom_logo_max_width":0,"ocean_custom_logo_tablet_max_width":0,"ocean_custom_logo_mobile_max_width":0,"ocean_custom_logo_max_height":0,"ocean_custom_logo_tablet_max_height":0,"ocean_custom_logo_mobile_max_height":0,"ocean_header_custom_menu":"","ocean_menu_typo_font_family":"","ocean_menu_typo_font_subset":"","ocean_menu_typo_font_size":0,"ocean_menu_typo_font_size_tablet":0,"ocean_menu_typo_font_size_mobile":0,"ocean_menu_typo_font_size_unit":"px","ocean_menu_typo_font_weight":"","ocean_menu_typo_font_weight_tablet":"","ocean_menu_typo_font_weight_mobile":"","ocean_menu_typo_transform":"","ocean_menu_typo_transform_tablet":"","ocean_menu_typo_transform_mobile":"","ocean_menu_typo_line_height":0,"ocean_menu_typo_line_height_tablet":0,"ocean_menu_typo_line_height_mobile":0,"ocean_menu_typo_line_height_unit":"","ocean_menu_typo_spacing":0,"ocean_menu_typo_spacing_tablet":0,"ocean_menu_typo_spacing_mobile":0,"ocean_menu_typo_spacing_unit":"","ocean_menu_link_color":"","ocean_menu_link_color_hover":"","ocean_menu_link_color_active":"","ocean_menu_link_background":"","ocean_menu_link_hover_background":"","ocean_menu_link_active_background":"","ocean_menu_social_links_bg":"","ocean_menu_social_hover_links_bg":"","ocean_menu_social_links_color":"","ocean_menu_social_hover_links_color":"","ocean_disable_title":"default","ocean_disable_heading":"default","ocean_post_title":"","ocean_post_subheading":"","ocean_post_title_style":"","ocean_post_title_background_color":"","ocean_post_title_background":0,"ocean_post_title_bg_image_position":"","ocean_post_title_bg_image_attachment":"","ocean_post_title_bg_image_repeat":"","ocean_post_title_bg_image_size":"","ocean_post_title_height":0,"ocean_post_title_bg_overlay":0.5,"ocean_post_title_bg_overlay_color":"","ocean_disable_breadcrumbs":"default","ocean_breadcrumbs_color":"","ocean_breadcrumbs_separator_color":"","ocean_breadcrumbs_links_color":"","ocean_breadcrumbs_links_hover_color":"","ocean_display_footer_widgets":"default","ocean_display_footer_bottom":"default","ocean_custom_footer_template":"","footnotes":""},"class_list":["post-358","page","type-page","status-publish","hentry","entry"],"_links":{"self":[{"href":"https:\/\/monterraindeje.fr\/index.php\/wp-json\/wp\/v2\/pages\/358","targetHints":{"allow":["GET"]}}],"collection":[{"href":"https:\/\/monterraindeje.fr\/index.php\/wp-json\/wp\/v2\/pages"}],"about":[{"href":"https:\/\/monterraindeje.fr\/index.php\/wp-json\/wp\/v2\/types\/page"}],"author":[{"embeddable":true,"href":"https:\/\/monterraindeje.fr\/index.php\/wp-json\/wp\/v2\/users\/2"}],"replies":[{"embeddable":true,"href":"https:\/\/monterraindeje.fr\/index.php\/wp-json\/wp\/v2\/comments?post=358"}],"version-history":[{"count":19,"href":"https:\/\/monterraindeje.fr\/index.php\/wp-json\/wp\/v2\/pages\/358\/revisions"}],"predecessor-version":[{"id":708,"href":"https:\/\/monterraindeje.fr\/index.php\/wp-json\/wp\/v2\/pages\/358\/revisions\/708"}],"wp:attachment":[{"href":"https:\/\/monterraindeje.fr\/index.php\/wp-json\/wp\/v2\/media?parent=358"}],"curies":[{"name":"wp","href":"https:\/\/api.w.org\/{rel}","templated":true}]}}